Let t(f) = -3786*f - 893502. Calculate t(-236).
-6
Let q(y) = -1114*y - 44495. Calculate q(-40).
65
Let k(x) = x**3 + 1791*x - 14839. Determine k(8).
1
Let s(o) = o**3 + 45*o**2 - 196*o + 4. What is s(-49)?
4
Let u(p) = -p**2 + 802*p + 29916. Calculate u(-36).
-252
Let b(i) = i**3 - 305*i**2 - 223*i - 25398. Determine b(306).
0
Let k(y) = 2*y**3 + 337*y**2 + 148*y - 2717. Calculate k(-168).
643
Let b(h) = 37*h**2 + 24*h - 598. Determine b(-5).
207
Let b(t) = 158*t**3 - 11*t**2 - 10*t + 4. What is b(-2)?
-1284
Let v(q) = 1106*q + 66483. Calculate v(-60).
123
Let h(n) = 61*n**3 + 777*n**2 - 207*n + 9. Determine h(-13).
-4
Let y(n) = -2*n**2 - 2042*n + 372720. Calculate y(158).
156
Let w(g) = -92*g**3 + 12*g**2 - 2*g - 14. What is w(-1)?
92
Let v(s) = s**3 - 32*s**2 + 181*s - 3656. Give v(30).
-26
Let n(m) = m**2 - 420*m + 4904. Give n(11).
405
Let d(i) = 21*i + 1454. Determine d(-69).
5
Let c(o) = 1508*o - 18078. Determine c(12).
18
Let t(a) = 179951*a - 539888. Calculate t(3).
-35
Let i(n) = -8*n**3 - 3715*n**2 - 1410*n - 8470. Calculate i(-464).
-118
Let l(b) = -2*b**2 + 473*b + 40682. Calculate l(-67).
13
Let w(l) = l**3 + 24*l**2 - 76*l - 1154. Determine w(-23).
1123
Let n(h) = 21911*h - 197385. Calculate n(9).
-186
Let c(n) = 15*n**2 + 3961*n - 23751. What is c(6)?
555
Let m(d) = 2*d**3 + 73*d**2 - 1154*d - 55. Determine m(12).
65
Let q(i) = -2*i**2 - 8264*i + 157743. Determine q(19).
5
Let y(c) = c**2 - 455*c - 2738. What is y(-6)?
28
Let g(q) = -2*q**2 - 454*q - 11355. Calculate g(-177).
6345
Let s(c) = -c**3 - 214*c**2 - 368*c + 11870. Give s(-212).
-2
Let f(z) = z**3 + 73*z**2 - 59*z - 4315. What is f(-73)?
-8
Let h(g) = 2*g**3 - 7*g**2 - 10*g - 2. What is h(-1)?
-1
Let i(b) = 2*b**3 - 47*b**2 + 47*b - 30. Give i(23).
522
Let d(i) = -8*i**2 + 2915*i + 8823. What is d(-3)?
6
Let y(n) = -19*n**2 - 2830*n + 147. Calculate y(-149).
-2
Let r(b) = -b**3 + 46*b**2 + 346*b + 1313. Calculate r(53).
-12
Let b(m) = -20*m**2 - 2306*m + 22429. Determine b(9).
55
Let n(q) = 13*q**3 - 35*q**2 + 111*q + 1. Give n(4).
717
Let u(o) = 2*o**3 - 62*o**2 - 52*o + 449. What is u(31)?
-1163
Let o(w) = -2*w**3 - 5*w**2 + 106*w + 419. What is o(-4)?
43
Let z(i) = 17*i**2 + 391*i + 29. Give z(-23).
29
Let q(h) = -44*h - 1830. Calculate q(-44).
106
Let f(z) = -6*z**2 - 82*z + 131. What is f(-17)?
-209
Let i(l) = 90753*l - 1542877. What is i(17)?
-76
Let h(v) = v**3 - 58*v**2 - 108*v - 822. Calculate h(60).
-102
Let s(q) = -2*q**3 + 25*q**2 - 1700*q + 20252. Calculate s(12).
-4
Let p(i) = 6280*i - 6075. Calculate p(1).
205
Let q(c) = -c**3 + 213*c**2 + 171*c + 4032. Calculate q(214).
-5170
Let o(l) = 1593*l - 5221. Calculate o(2).
-2035
Let c(y) = 3*y**3 + 138*y**2 - 17165*y + 1634. Give c(56).
10
Let s(p) = 1969*p + 771847. Determine s(-392).
-1
Let q(t) = -23*t**2 + 263*t + 351. Calculate q(13).
-117
Let l(b) = -b**3 + 109*b**2 + 701*b + 57. Give l(-6).
-9
Let z(g) = -2*g**2 + 180*g - 813. Calculate z(95).
-1763
Let n(q) = q**3 - 74*q**2 + 520*q + 459. Calculate n(65).
-3766
Let v(o) = -1284*o - 2118. Determine v(1).
-3402
Let b(q) = q**3 - 95*q**2 - 605*q - 335. Determine b(101).
-234
Let u(a) = 8608*a + 7717. Give u(-1).
-891
Let v(h) = 3*h**2 - 120*h + 1108. What is v(25)?
-17
Let k(t) = -17*t**2 - 230*t + 1937. What is k(7)?
-506
Let z(q) = -q**2 - 794*q + 609. Give z(0).
609
Let n(g) = g**2 + 224*g - 29049. Calculate n(92).
23
Let r(z) = 12359*z + 49333. Calculate r(-4).
-103
Let w(q) = 9*q**2 + 28*q + 530. Determine w(-20).
3570
Let q(t) = 141*t**2 - 4511*t - 3. Calculate q(32).
29
Let h(i) = -116*i - 445. Calculate h(-7).
367
Let u(f) = -2*f**2 + 109*f + 225. Determine u(-2).
-1
Let i(u) = 76942*u + 384715. Calculate i(-5).
5
Let v(o) = -o**3 + 5*o**2 + 164*o - 95. Calculate v(-11).
37
Let l(n) = 3*n**3 + 45*n**2 - 18*n + 79. Give l(-6).
1159
Let s(x) = 2*x**2 - 128*x - 11390. Give s(-50).
10
Let k(w) = -w**3 + 6*w**2 + 2422*w - 12091. What is k(5)?
44
Let c(u) = -2096*u**2 - 4177*u - 1. Determine c(-2).
-31
Let i(d) = -1694*d + 32229. Calculate i(19).
43
Let m(c) = 3*c**3 - 2*c**2 + 8950*c - 4. What is m(0)?
-4
Let x(w) = -1359*w - 293024. What is x(-216)?
520
Let v(n) = 504846*n - 4038768. What is v(8)?
0
Let n(k) = 1163*k - 76745. What is n(66)?
13
Let g(c) = -5*c + 2211. What is g(424)?
91
Let x(f) = -2*f**2 + 303*f - 9651. What is x(102)?
447
Let v(g) = -519*g - 84662. Determine v(-163).
-65
Let y(d) = 15*d**3 - 150*d**2 + 359*d - 3580. Give y(10).
10
Let b(i) = -3*i**3 + 258*i**2 + 2874*i - 53. What is b(-10)?
7
Let a(k) = 1255*k - 20324. Determine a(16).
-244
Let p(x) = 4*x**3 + 792*x**2 + 18469*x + 197. What is p(-171)?
26
Let w(y) = -937*y + 10457. Give w(10).
1087
Let s(f) = -921357*f - 1842704. Calculate s(-2).
10
Let v(q) = -19641*q - 3613978. Determine v(-184).
-34
Let r(n) = -29734*n + 148741. Give r(5).
71
Let m(o) = -12*o**2 - 3368*o - 2251. What is m(-280)?
-11
Let c(i) = -2*i**2 - 252*i - 5304. Calculate c(-37).
1282
Let w(r) = r**2 + 414*r - 28978. Give w(-475).
-3
Let s(y) = 142*y**2 + 2139*y - 2147. Calculate s(-16).
-19
Let x(l) = -l**3 + 220*l**2 - 1414*l - 2262. Calculate x(8).
-6
Let j(r) = 4538*r - 3358118. Determine j(740).
2
Let q(l) = 7640*l - 1405757. What is q(184)?
3
Let l(i) = 3677*i - 40482. What is l(11)?
-35
Let o(t) = 2*t**3 + 414*t**2 - 1690*t + 177. Calculate o(-211).
599
Let m(r) = r**3 - 13*r**2 - 24*r - 24. Calculate m(15).
66
Let g(h) = 2448*h + 323136. Calculate g(-132).
0
Let r(n) = -101*n - 5166. Give r(-61).
995
Let a(x) = x**3 + 30*x**2 - 805*x - 24700. Give a(-31).
-706
Let t(w) = 48561*w + 24377617. Give t(-502).
-5
Let p(w) = -1373*w + 8223. Calculate p(6).
-15
Let x(o) = o**3 - 446*o + 2576. Calculate x(6).
116
Let t(h) = 6*h**2 - 35*h - 213. Determine t(-10).
737
Let m(v) = 2*v**3 + 51*v**2 - 383*v + 207. What is m(6)?
177
Let g(u) = 48*u**2 - 3704*u + 60036. Give g(54).
-12
Let m(w) = 2*w**2 + 21037*w + 4167871. Give m(-202).
5
Let f(d) = -3*d**2 - 20*d + 14380. Calculate f(66).
-8
Let u(f) = -27776*f - 1055465. Calculate u(-38).
23
Let o(s) = -148*s**2 - 1678*s - 349. Calculate o(-11).
201
Let n(p) = -p**3 - 7*p**2 + 19*p + 212. Determine n(9).
-913
Let x(j) = 576*j - 7651. Give x(15).
989
Let p(j) = j**3 + 133*j**2 + 2904*j - 3729. Give p(-105).
51
Let q(v) = 671*v - 1963. Give q(3).
50
Let m(u) = 2679*u**3 - 11*u**2 - 55*u - 45. Calculate m(-1).
-2680
Let a(x) = -3*x**3 + 6*x**2 + 6360*x - 714. Calculate a(47).
-9
Let h(g) = 59*g**3 + 2*g**2 + 21*g + 51. What is h(-4)?
-3777
Let l(v) = 3*v**3 - 301*v**2 + 7319*v - 198. What is l(59)?
-21
Let v(m) = -1964*m - 25513. Give v(-13).
19
Let v(q) = -86122*q + 172504. Give v(2).
260
Let n(l) = -24*l**3 - 5881*l**2 - 283*l - 9291. Calculate n(-245).
19
Let m(r) = -683*r**2 + 3709*r + 3710. Determine m(-1).
-682
Let d(o) = -o**2 - 3219*o + 35760. What is d(11)?
230
Let w(j) = -233*j - 6947. Determine w(-24).
-1355
Let w(d) = d**2 + 477*d + 49068. Determine w(-150).
18
Let b(n) = -n**3 + 112*n**2 + 105*n - 23962. Determine b(111).
14
Let w(h) = -h**2 + 311511*h. Determine w(0).
0
Let n(r) = 193*r - 2908. Determine n(14).
-206
Let w(j) = -11278*j + 2661586. Determine w(236).
-22
Let g(a) = 65*a**2 - 1566*a + 7866. Give g(5).
1661
Let a(k) = 3*k**3 + 542*k**2 + 1975*k + 390243. Determine a(-181).
7
Let m(o) = -42412*o - 4750148. Give m(-112).
-4
Let p(m) = 3298*m + 7558. What is p(-3)?
-2336
Let g(q) = -32*q**2 - 501*q - 59. Give g(-15).
256
Let o(p) = -p**2 - 2293*p - 210943. Calculate o(-96).
-31
Let a(o) = -9*o**2 + 2*o + 1135. Give a(-11).
24
Let a(x) = -633*x + 5768. Calculate a(9).
71
Let m(t) = 2287*t**2 + 6936*t + 174. Calculate m(-3).
-51
Let x(a) = a**3 + 47*a**2 + 1179*a + 48874. Determine x(-45).
-131
Let l(a) = -a**3 + 155*a**2 + 3477*a + 3976. Calculate l(175).
-49
Let p(s) = -3*s**2 - 3150*s + 77318. Calculate p(24).
-10
Let d(q) = -305*q**2 - 1523*q - 9. What is d(-5)?
-19
Let i(h) = 6*h**2 - 74*h - 8949. Give i(45).
-129
Let x(a) = -1146171*a - 4584686. Calculate x(-4).
-2
Let l(y) = 60*y + 2329. What is l(-31)?
469
Let f(v) = 8044*v + 88730. Calculate f(-11).
246
Let m(j) = j**3 + 19*j**2 + 56*j + 663. Determine m(-16).
535
Let o(h) = h**3 - 179*h**2 + 1188*h - 179751. Give o(178).
29
Let i(g) = 6*g**3 + 3*g**2 + 11*g - 72. Calculate i(-4).